o + 4. Let p be r(6). What is the greatest common factor of p and a?
4
Let a = -15 - -17. Let p = a + 1. What is the highest common divisor of 3 and p?
3
Let m(f) = 15 - 3*f - 2*f + 5*f - 2*f. Let z be m(0). Calculate the greatest common divisor of z and 135.
15
Let t(b) = 4*b. Let h be t(1). Suppose 0 = 2*j - 76 - 176. Suppose h*a = 258 + j. Calculate the greatest common factor of 12 and a.
12
Let a be 81/(-6) - (-2)/(-4). Let p = 26 + a. Calculate the greatest common factor of p and 12.
12
Suppose 32 = r - 5*t - 90, 0 = -3*r - 2*t + 400. Let d be (-6)/((-90)/175) + (-4)/(-12). Calculate the highest common factor of r and d.
12
Let n = 17 + 19. What is the highest common factor of n and 12?
12
Suppose -m = 3*s - 5*m - 103, -98 = -3*s - m. What is the highest common divisor of 3 and s?
3
Suppose -640 = -x - 4*x. Suppose 0 = -z + 4 + 12. What is the highest common factor of x and z?
16
Let w = -40 + 47. Calculate the greatest common divisor of w and 1.
1
Let t = -137 + 191. Calculate the highest common divisor of t and 378.
54
Suppose 38 = 3*q + 2*d - 6*d, 0 = q - 5*d - 31. Calculate the greatest common factor of q and 48.
6
Let b(c) = -6 + 31 + c**3 - c + 0*c**3. Let y be b(0). Suppose 2*w + 62 = 5*o, 5*w - 6 - y = -3*o. Calculate the highest common divisor of 12 and o.
12
Let a be 8/12 - 223/(-3). Suppose 4*d - 2*d - n + 48 = 0, -3*d - a = -3*n. Let j = d - -38. Calculate the highest common factor of 45 and j.
15
Let w = 3 + -3. Suppose 3*g = -w*g + 3. Let c be (11*8 - 0)*g. Calculate the highest common factor of c and 22.
22
Let k(l) = -6*l - 3. Let o(s) = -6*s - 4. Let n(x) = -4*k(x) + 3*o(x). Let y be n(7). What is the highest common divisor of 6 and y?
6
Let p(m) = 8*m - 8. Let x(k) = -2*k + 2. Let z(f) = 6*p(f) + 26*x(f). Let c be z(-10). Calculate the highest common divisor of c and 22.
22
Let z = 14 + 1. What is the highest common divisor of z and 15?
15
Let r = 7 + -4. Let j = 8 - 9. Let s be j/(r/(-45)*1). Calculate the greatest common factor of s and 45.
15
Let l be 1 - -88 - (-2 - -3). Let c = 6 - 3. Let p be (-10)/(2 - c) + 1. What is the greatest common divisor of p and l?
11
Let m be 20/((-320)/(-552))*(-10)/(-3). Let d be (-2)/((-1)/(-1)) - -25. What is the highest common divisor of m and d?
23
Let q = -6 - -8. Let m be 5/2*q/5. Let i = m + 9. What is the highest common factor of 25 and i?
5
Suppose -16 = -15*z + 11*z. What is the highest common divisor of 4 and z?
4
Let j = -24 + 40. Let m be (j - -2)/(3/8). What is the greatest common factor of 12 and m?
12
Let s be (-75)/(-50)*28/6. Calculate the greatest common factor of 14 and s.
7
Let p be (-4)/2*18/(-12). Calculate the highest common divisor of 15 and p.
3
Let i be (-146)/(-10) - 20/(-50). Suppose -5*w - 39 = -q - 13, -4*w - 12 = -3*q. Let r be w/i - (-37)/5. What is the greatest common factor of r and 21?
7
Let a be (8/28 - (-374)/14) + -1. What is the highest common factor of a and 13?
13
Suppose 6*b + 6 = 9*b. What is the greatest common divisor of b and 8?
2
Let v(y) = 15*y**2 + 1. Let o be v(-1). Let d = 281 - 217. Calculate the highest common factor of o and d.
16
Let q be (5 + -7)/((-2)/3). Suppose -u - 2*s - 3 = 0, -u + q*u + 3*s + 2 = 0. What is the highest common factor of 2 and u?
1
Suppose -5*t + 7 = a, -10 + 69 = 5*a + t. What is the greatest common factor of 216 and a?
12
Let l be 2/(-4) + (-98)/(-4). Suppose -l = -2*u + 16. Calculate the highest common divisor of 10 and u.
10
Suppose 5*d + 4*w = -0*d + 25, 5*d = -5*w + 20. What is the highest common divisor of d and 1?
1
Let z = 1 - 0. Let n = z - 0. Let b be ((-28)/(-6))/(6/9). Calculate the greatest common divisor of b and n.
1
Let l be 15/(-5) + 6*8. Calculate the greatest common factor of l and 15.
15
Suppose 5*c + 10 + 10 = 3*o, -4*o - 3*c = -17. Calculate the highest common divisor of o and 50.
5
Let i be (-1)/(-3) - 10080/(-54). What is the greatest common divisor of 11 and i?
11
Let k(o) = -3*o + 29. Let g be k(-7). Calculate the highest common factor of g and 20.
10
Suppose 4 = t - 13. Let s = t - 16. What is the highest common divisor of s and 11?
1
Let q(s) = s**2 - 5*s. Let y be q(4). Let v be 10/y*38/(-1). Suppose 4*w = -12, 0 = 3*c + 5*w - 253 - v. Calculate the highest common factor of 11 and c.
11
Let m be (-1 - 11)*6/(-9). Suppose -5*a + v = -116, -a = 2*v - 6*v - m. Calculate the highest common divisor of a and 36.
12
Let n(o) = o**3 - 15*o**2 + 30*o - 28. Let a be n(13). Let x be (-4)/10 - (-124)/10. Calculate the highest common divisor of a and x.
12
Let g(q) = 34*q + 2. Let r be g(3). Let y be (-2 - -59)*2/6. Suppose 4*i = 3*a - y, -a - 12 = -0*a - 5*i. Calculate the greatest common factor of r and a.
13
Suppose -2*h - 16 = -5*l - 0*h, -4*h + 8 = 0. Suppose 0 = -l*p - 3*o + 62, 19 = -p + 2*p - o. Calculate the greatest common factor of 119 and p.
17
Let m(q) = -5*q + 7. Let s be m(-7). Suppose 4*v - 70 = -v. Let i = v + 0. What is the highest common factor of i and s?
14
Let q be 1 - -1*(24 + 3). Let s = q - -5. What is the highest common divisor of s and 11?
11
Let z = -2 + 4. Let n = 62 + -46. Calculate the highest common factor of n and z.
2
Let t = 3 + -1. Let n be 8/(3 + t + -3). Calculate the highest common divisor of n and 20.
4
Let t(z) = 2*z**3 - z**2 - 9*z - 12. Let n be t(5). What is the highest common factor of 24 and n?
24
Let h = -17 + 14. Let b(w) = -2*w**3 - 4*w**2 - w - 4. Let r be b(h). Calculate the highest common divisor of 51 and r.
17
Let x = -15 + 22. Let r be 13*1 - (-14)/x. What is the greatest common factor of r and 3?
3
Let r = -207 + 227. Let j = 287 - 147. Calculate the greatest common divisor of r and j.
20
Suppose 3*g + q - 105 + 11 = 0, 5*g - 152 = -4*q. Calculate the highest common divisor of g and 224.
32
Let q(j) = j**3 - j**2 + j + 80. Let v be q(0). Calculate the highest common divisor of v and 10.
10
Suppose 5*z - 6 = 4*r, 5*r + 8 - 3 = 5*z. Let m = 3 - -3. Let x = m - 5. Calculate the greatest common factor of z and x.
1
Suppose -143*u = -145*u + 156. What is the greatest common factor of 6 and u?
6
Suppose 4*r = -19 + 91. Calculate the greatest common divisor of 30 and r.
6
Suppose -88 - 8 = -4*u. Calculate the greatest common divisor of 36 and u.
12
Let v be (-488)/9 + (-6)/(-27). Let d be 6/(2/v*-2). What is the highest common divisor of d and 9?
9
Suppose t = -8*t + 90. Let n = 19 - 4. Calculate the highest common factor of n and t.
5
Let o = 2 - -13. What is the greatest common divisor of o and 15?
15
Suppose 4*y = -1 + 561. Suppose 4*b - 54 = 42. Let n be 6/(-3) + b + -2. Calculate the highest common divisor of y and n.
20
Let f be 1*(-3 - (-49 - 4)). Let c = 23 + -13. What is the greatest common factor of f and c?
10
Suppose 3*d + 4 = 2*d. Let y(q) = -4 + 0 + 0 - 6*q. Let j be y(d). What is the greatest common factor of j and 5?
5
Let z(d) = -d**3 - 9*d**2 - 9*d - 5. Let r be z(-8). Suppose -5*j = -r*w - 194, -2*j + 5*w = 2*j - 150. What is the greatest common factor of 4 and j?
4
Let q be 1 + -3 - (-7 + 5). Suppose 117 = 4*b + p, 3*b + p - 89 = -q*p. Let d(w) = 42*w. Let t be d(1). Calculate the greatest common divisor of t and b.
14
Suppose -5*x + 7*i = 2*i - 130, 5*i = 4*x - 99. Suppose b + 4 - 162 = t, 623 = 4*b - t. Calculate the greatest common factor of b and x.
31
Suppose 5*d = -7 + 17. Suppose -d*k + 4*k - 10 = 0. Let m = 115 - 80. Calculate the highest common factor of k and m.
5
Let k = 0 + -5. Let j(a) = -2*a + 5. Let l be j(k). Let s(q) = q**3 - 7*q**2 - 8*q + 5. Let x be s(8). Calculate the greatest common factor of x and l.
5
Let o(k) = -k**3 - 3*k**2 + 10*k + 15. Let v be o(-6). Calculate the greatest common factor of 9 and v.
9
Let w = 34 - 23. Calculate the highest common divisor of 11 and w.
11
Let f be 4/(4/(-3))*-5. Let c(m) = m**2 - 7*m + 9. Let k be c(6). Suppose k*w + w - 300 = 0. What is the highest common divisor of f and w?
15
Let v = -71 - -143. What is the highest common factor of 12 and v?
12
Suppose 13 = 4*q - 2*f - 11, 0 = 2*q - 3*f - 4. Suppose 2*c + q = 34. Let x = 25 - 12. Calculate the highest common divisor of x and c.
13
Let f be 3/(-1)*(-208)/39. Suppose w - f = -4*y, y + 8 = 5*w - 3*y. Calculate the greatest common divisor of w and 36.
4
Suppose -2*p = -4*p + 10. Let m(l) = -10*l - 5. Let z(k) = 